{"id":1403,"date":"2023-02-01T20:39:40","date_gmt":"2023-02-01T23:39:40","guid":{"rendered":"https:\/\/gruporer.site\/oring\/?post_type=product&#038;p=1403"},"modified":"2023-02-01T20:39:40","modified_gmt":"2023-02-01T23:39:40","slug":"retentor-virabrequim-dianteiro-caterppilar-2","status":"publish","type":"product","link":"https:\/\/gruporer.site\/oring\/produto\/retentor-virabrequim-dianteiro-caterppilar-2\/","title":{"rendered":"Retentor Virabrequim Dianteiro Caterppilar"},"content":{"rendered":"<p>Di\u00e2metro do Eixo: 44.5 mm<br \/>\nDi\u00e2metro Externo 61.9 mm<br \/>\nAltura: 9.5 mm<br \/>\nRetentores s\u00e3o utilizados para a veda\u00e7\u00e3o de eixos rotativos, especialmente na constru\u00e7\u00e3o de m\u00e1quinas e aparelhos, bem como na ind\u00fastria automobil\u00edstica.<br \/>\nOs produtos a serem vedados podem ser pastosos, l\u00edquidos ou em forma de g\u00e1s. Na maioria das vezes trata-se da veda\u00e7\u00e3o de \u00f3leos e graxas de lubrifica\u00e7\u00e3o.<br \/>\nPrincipais caracter\u00edsticas<\/p>\n<p>A capa externa cil\u00edndrica de elast\u00f4mero ou de metal \u2013 Existem formas construtivas com a capa externa de elast\u00f4mero que s\u00e3o constitu\u00eddas de uma chapa met\u00e1lica de refor\u00e7o, como mostra a figura 1, as formas construtivas com chapa externa met\u00e1lica s\u00e3o fornecidas estampadas ou retificadas na circunfer\u00eancia externa.<br \/>\nO l\u00e1bio de veda\u00e7\u00e3o com carga de mola \u2013 Tem a tarefa de garantir a veda\u00e7\u00e3o din\u00e2mica e est\u00e1tica contra o eixo girando ou parado.<br \/>\nQuando necess\u00e1rio, um l\u00e1bio de prote\u00e7\u00e3o adicional para evitar a penetra\u00e7\u00e3o externa de poeira e sujeira.<br \/>\nAl\u00e9m da exig\u00eancia principal, para um bom efeito de veda\u00e7\u00e3o, exige-se mais para os retentores:<\/p>\n<p>Seguran\u00e7a de funcionamento;<br \/>\nMontagem simples;<br \/>\nCompatibilidade com os produtos a serem vedados;<br \/>\nPouco atrito.<\/p>\n","protected":false},"excerpt":{"rendered":"<p>Retentor Virabrequim Dianteiro Caterppilar<\/p>\n","protected":false},"featured_media":579,"template":"","meta":{"site-sidebar-layout":"left-sidebar","site-content-layout":"boxed-container","ast-site-content-layout":"","site-content-style":"default","site-sidebar-style":"default","ast-global-header-display":"","ast-banner-title-visibility":"","ast-main-header-display":"","ast-hfb-above-header-display":"","ast-hfb-below-header-display":"","ast-hfb-mobile-header-display":"","site-post-title":"","ast-breadcrumbs-content":"","ast-featured-img":"","footer-sml-layout":"","theme-transparent-header-meta":"default","adv-header-id-meta":"","stick-header-meta":"","header-above-stick-meta":"","header-main-stick-meta":"","header-below-stick-meta":"","astra-migrate-meta-layouts":"default","ast-page-background-enabled":"default","ast-page-background-meta":{"desktop":{"background-color":"","background-image":"","background-repeat":"repeat","background-position":"center center","background-size":"auto","background-attachment":"scroll","background-type":"","background-media":"","overlay-type":"","overlay-color":"","overlay-opacity":"","overlay-gradient":""},"tablet":{"background-color":"","background-image":"","background-repeat":"repeat","background-position":"center center","background-size":"auto","background-attachment":"scroll","background-type":"","background-media":"","overlay-type":"","overlay-color":"","overlay-opacity":"","overlay-gradient":""},"mobile":{"background-color":"","background-image":"","background-repeat":"repeat","background-position":"center center","background-size":"auto","background-attachment":"scroll","background-type":"","background-media":"","overlay-type":"","overlay-color":"","overlay-opacity":"","overlay-gradient":""}},"ast-content-background-meta":{"desktop":{"background-color":"var(--ast-global-color-5)","background-image":"","background-repeat":"repeat","background-position":"center center","background-size":"auto","background-attachment":"scroll","background-type":"","background-media":"","overlay-type":"","overlay-color":"","overlay-opacity":"","overlay-gradient":""},"tablet":{"background-color":"var(--ast-global-color-5)","background-image":"","background-repeat":"repeat","background-position":"center center","background-size":"auto","background-attachment":"scroll","background-type":"","background-media":"","overlay-type":"","overlay-color":"","overlay-opacity":"","overlay-gradient":""},"mobile":{"background-color":"var(--ast-global-color-5)","background-image":"","background-repeat":"repeat","background-position":"center center","background-size":"auto","background-attachment":"scroll","background-type":"","background-media":"","overlay-type":"","overlay-color":"","overlay-opacity":"","overlay-gradient":""}}},"pwb-brand":[50],"product_cat":[19],"product_tag":[24,22,21,25,26,23],"class_list":{"0":"post-1403","1":"product","2":"type-product","3":"status-publish","4":"has-post-thumbnail","6":"pwb-brand-tcs","7":"product_cat-caterpillar","8":"product_tag-acp","9":"product_tag-cat","10":"product_tag-caterpillar","11":"product_tag-corteco","12":"product_tag-nok","13":"product_tag-retentor","14":"desktop-align-left","15":"tablet-align-left","16":"mobile-align-left","18":"first","19":"instock","20":"sale","21":"featured","22":"shipping-taxable","23":"purchasable","24":"product-type-simple"},"brands":[{"id":50,"name":"TCS","slug":"tcs"}],"_links":{"self":[{"href":"https:\/\/gruporer.site\/oring\/wp-json\/wp\/v2\/product\/1403"}],"collection":[{"href":"https:\/\/gruporer.site\/oring\/wp-json\/wp\/v2\/product"}],"about":[{"href":"https:\/\/gruporer.site\/oring\/wp-json\/wp\/v2\/types\/product"}],"wp:featuredmedia":[{"embeddable":true,"href":"https:\/\/gruporer.site\/oring\/wp-json\/wp\/v2\/media\/579"}],"wp:attachment":[{"href":"https:\/\/gruporer.site\/oring\/wp-json\/wp\/v2\/media?parent=1403"}],"wp:term":[{"taxonomy":"pwb-brand","embeddable":true,"href":"https:\/\/gruporer.site\/oring\/wp-json\/wp\/v2\/pwb-brand?post=1403"},{"taxonomy":"product_cat","embeddable":true,"href":"https:\/\/gruporer.site\/oring\/wp-json\/wp\/v2\/product_cat?post=1403"},{"taxonomy":"product_tag","embeddable":true,"href":"https:\/\/gruporer.site\/oring\/wp-json\/wp\/v2\/product_tag?post=1403"}],"curies":[{"name":"wp","href":"https:\/\/api.w.org\/{rel}","templated":true}]}}